). Is q(o) a composite number?
False
Suppose 28 = 5*j + 2*m, -2*m - m = -5*j + 33. Suppose -5*d - j*d = -13739. Is d a prime number?
True
Let q be 141/9 - 6/9*1. Is (3390 - (-1)/(-1))/(16 - q) prime?
True
Let t(z) = 96*z**3 + 6*z**2 - 31*z + 151. Let o = -366 - -372. Is t(o) a composite number?
True
Let v(z) = -17769*z**3 + 4*z**2 - 23*z - 109. Is v(-4) a prime number?
True
Let v be (3 - (-14)/(-4))/((-3)/(-48)). Let f(a) = -21*a + 3. Let n be f(v). Suppose 0 = 4*o - 3*y - 776, -5*y + n = 2*o - o. Is o a prime number?
True
Suppose -2 = 2*o - 12. Suppose -5*k = 5*r - 6*r + 32, -o*k - r = 38. Is 37 + (2/4)/(k/28) prime?
False
Suppose 5*r + 4*p = r + 132, -38 = -r - 2*p. Let y(t) = 36 + 322*t + 874*t + r - 67. Is y(1) a prime number?
True
Let o = 29746 + -13566. Let u = o + 2121. Is u composite?
False
Let u = -25240 - -131649. Is u a composite number?
True
Let g(j) = -j**3 + 66*j**2 - 78*j - 569. Is g(48) a composite number?
False
Suppose k - 20758651 + 2314962 = -42*k. Is k a prime number?
False
Let p be (25 + 1058)*2/3. Suppose -v + 1477 = -4*u, u - p = -4*v + 5101. Is v composite?
True
Let b(o) = -o**2 - 6*o + 9. Let y be b(-7). Suppose y*n = 3*i + 12, 3*i - 7*i = 2*n + 2. Suppose 333 = u - n*w - 391, 0 = 3*u - 3*w - 2202. Is u prime?
True
Let g(c) = -37*c**2 - 7*c**3 + 7*c**3 + 30 + 27 - 20*c - c**3. Is g(-37) composite?
False
Suppose 2*j - 140553 = -5*r + 99766, -5*r = j - 240312. Is r prime?
False
Let m(i) = -i**3 + 8*i**2 + 9*i - 1. Let r(j) = j**3 - 8*j**2 - 10*j + 1. Let g(t) = -3*m(t) - 2*r(t). Let y be 5 - (14 + 234/(-13)). Is g(y) prime?
True
Let r be 1/(-2) + -1*11417/(-2). Suppose 36*x + r = 40*x. Suppose 2*n + 81 = x. Is n composite?
False
Suppose -145863 = 3*l - 22*l. Is (1/3)/(3/l) a composite number?
False
Suppose 12*p - 407242 + 128158 = 0. Is p composite?
True
Suppose 0 = -111*b + 5488882 - 461013 + 5702834. Is b a composite number?
True
Let z(i) = -i**2 - 3*i. Suppose 2 = -5*c - 28. Let f be z(c). Let v(m) = 10*m**2 + 25*m + 23. Is v(f) a composite number?
True
Let l(d) = 413*d**3 + 8*d**2 - 75*d + 157. Is l(7) composite?
True
Let n(c) = 18967*c + 69. Let u be n(10). Suppose u = 5*p + 6*p. Is p a prime number?
False
Let o(b) = 163*b - 33. Let f be o(9). Suppose -5*u + 1520 + 260 = 5*n, 2*u - f = -4*n. Suppose y + 18 - 243 = -3*v, 5*v - 3*y = n. Is v a prime number?
False
Suppose -7*q + 314254 + 476012 = 47125. Is q a prime number?
True
Let o = 54740 - 36196. Suppose 10*b = o + 50866. Is b prime?
False
Suppose 4*t = 15*k - 11*k - 1339456, 0 = 5*k + 3*t - 1674344. Is k a prime number?
False
Suppose 740*l - 739*l - 186853 = 0. Is l prime?
False
Suppose 4*t - 4*w - 616 = 0, -t + 2*w = 4*t - 764. Suppose 94*d + 62 - 176 = 638. Suppose d*h - t = 4*h. Is h a prime number?
False
Suppose -3*y = 0, 15*i - 2*y + 33086 = 17*i. Is i prime?
False
Let x(i) = i**3 + 113*i**2 - 97*i + 77. Is x(-50) a prime number?
False
Suppose 3307 - 48453 = -3*l + 19903. Is l composite?
False
Let f be ((-22)/55)/((-1)/20345). Let d = f + -3876. Is d a prime number?
False
Suppose r = 5*s + 4*r - 293920, 5*r = -2*s + 117549. Is s composite?
False
Let u = -252 + 251. Is (-3 + u)*-1*12663/108 a prime number?
False
Suppose 0 = 350*b + 22*b - 50878068. Is b a prime number?
True
Let w = -26839 + 50956. Is w prime?
False
Is (2/(-2))/((-12*(-2)/916602)/(-4)) composite?
False
Let w = -4724 - -9443. Let s = -1282 + w. Is s composite?
True
Suppose 3*a - 3*h = 29778, 0 = 7*a - 6*a - 3*h - 9916. Suppose 7*c = 68402 - a. Is c a composite number?
False
Let n(c) = -4*c - 1901*c**2 - 38*c**3 + 1900*c**2 - 6 - 14. Is n(-3) composite?
False
Let f(m) be the first derivative of -345*m**2 + 7*m + 106. Is f(-4) composite?
False
Suppose 5*y = -20, 4*o + 3*y = 5*y + 20. Suppose 4*q - 3*j = 8597, 8*q - o*q = j + 10760. Is q composite?
False
Suppose 3*h + 4*q - 5734 = 0, 7*q - 2*q - 7645 = -4*h. Suppose -76*j + 81*j = 0. Suppose -h = -j*n - 2*n. Is n composite?
True
Let b(o) be the second derivative of 57*o**4/2 + o**3/6 - 3*o**2/2 - o - 47. Is b(-2) prime?
False
Let i(l) = 851*l - 43. Let d be i(16). Let f = 36948 - d. Suppose 0 = 3*y + p - 14042, 9*y - 4*p = 4*y + f. Is y a prime number?
True
Suppose 1431 = 2*x - 11*x. Let c(s) = -230*s - 6. Let k be c(-1). Let a = x + k. Is a composite?
True
Suppose 6201601 + 27864218 = 44*o - 10462489. Is o prime?
True
Let b(a) = 43*a**3 + 14*a**2 - 2*a + 72. Is b(7) a composite number?
False
Let a = -19 - -26. Suppose a*t - 356 = 6*t. Let c = -193 + t. Is c a prime number?
True
Suppose 546187 = 5*r - 4*j, 64714 + 44549 = r - 4*j. Is r a prime number?
False
Let f(c) = -c**3 + 3*c**2 + 8*c + 14. Suppose 2*j + 3*j + 15 = 0, 3*m = -4*j - 15. Let a(u) = -1. Let g(z) = m*f(z) - 5*a(z). Is g(7) a composite number?
False
Let q be ((2 + -6)*3)/(-12 + 14). Is -6 - (-10*q/(-12) - 7058) a composite number?
False
Suppose m + 108*p - 111*p = 256651, m = 5*p + 256651. Is m a composite number?
False
Suppose -36 = -682*w + 688*w. Let q(f) = 201*f**2 + 7*f + 53. Is q(w) a prime number?
True
Let a be (1 - -5)*(-319)/(-22). Suppose 19301 = 88*s - a*s. Is s composite?
False
Let i = 1485 + 31202. Is i a composite number?
False
Suppose 40 = 4*d - 3*n, 0 = -4*d - 4*n + 14 - 2. Let f(w) = 3 + d*w**2 - 4 - 9*w - 7 + w. Is f(9) a prime number?
True
Suppose 19*v - 12*v = 61376. Let z = v - 6181. Is z composite?
True
Let y = 20 - -13. Let l = y - 31. Suppose 4*r + 787 = 5*v, r = -l*r + 6. Is v a prime number?
False
Let p = 18 - 5. Suppose 40768 = p*l + 3*l. Is 6/(-15) - l/(-20) composite?
False
Let i(x) = 636*x + 23. Let u be i(9). Suppose -5*q = 4*l + 2 - 18, -3*q + 9 = 3*l. Suppose -u = -5*g - 4*a, 4614 = q*g - 3*a - 2*a. Is g a prime number?
True
Is (23/115)/((-4)/(-120)) + 920941 prime?
True
Let n = 2056 + -1395. Let g be 48*(18 + -14)*(-41)/6. Let f = n - g. Is f a composite number?
False
Let k(h) = 7*h + 5711. Is k(0) a prime number?
True
Suppose -8*x - 2529623 = -2973999 - 3333760. Is x a prime number?
False
Suppose -4*d = 2*p + 20, -5*d + 4*p - 37 = -12. Is ((-10)/3)/d - 39590/(-6) a prime number?
True
Suppose -5*h - 49 = -s, 2*s - 86 = 3*h + h. Let q = -26 + s. Is q/(-26)*(0 + 0 + -422) a prime number?
True
Is (-15581790)/(-50) + 84/(-105) composite?
True
Let h = 688602 + -284857. Is h composite?
True
Suppose 9*f - 3*f - 30 = 0. Suppose 3*s + u = -f, -5*u + u = -5*s - 31. Is s - -133 - 2 - 2/2 a composite number?
False
Let l(i) = 2*i**2 - 69*i + 309. Let u be l(46). Let r = u + 812. Is r composite?
False
Let u = 291 - 417. Is (6/(u/(-7679)))/(1/15) a prime number?
False
Suppose -16*a = -a - 265065. Suppose 4*l + 3587 = r - 2314, -a = -3*r - 4*l. Is r composite?
True
Let k(f) = 3*f**3 - 136*f**2 + 157*f - 51. Is k(59) composite?
True
Suppose 1747*a - 1723*a - 282648 = 0. Is a prime?
True
Let z(p) = 1359*p**2 - 3*p - 1. Let t be 2*2 - (-6 + 5)*4. Suppose 4*w - 2*j = -4*j + 6, -j = -3*w - t. Is z(w) prime?
True
Let o be (2 - 6)*-1 + -13087. Let l = o + 34294. Is l a composite number?
False
Let v be 6/(-12) - (-602)/4. Let d = 61 + v. Suppose 115 = d*z - 210*z. Is z a composite number?
True
Let q be ((-60)/(-10) - 6683)*-2*7. Let m = -54221 + q. Is m a prime number?
False
Let h = 62 + -61. Suppose -2*j + o + 12245 = 0, h + 5 = -2*o. Is j a composite number?
False
Let k(z) = -z**3 + 24*z**2 + 36*z + 9. Let t(c) = c**3 + 16*c**2 - 6*c - 37. Let y be t(-15). Let a be y/12 + -1 + 10/12. Is k(a) a composite number?
True
Let y(i) = 2679*i**2 - 40*i - 45. Is y(-4) prime?
True
Suppose -814963 - 678845 = -16*d. Is d composite?
True
Suppose 18 = 2*z + 2*p - 6*p, 0 = 4*z - 5*p - 30. Let d(h) = -9*h**2 + 10*h - 15*h**3 - 1 + z*h**3 + 11*h**3. Is d(10) prime?
True
Let r(w) = 629*w - 80. Suppose -5*v + 77 = -y - 41, 12 = -4*y. Is r(v) a prime number?
True
Suppose 27*k - 90 = 9*k. Let t(c) = 24*c**3 + 23*c**2 + 4*c. Is t(k) prime?
False
Suppose -48 + 46 = k + 2*n, -k + 3*n = -13. Suppose 5*t + i = k*t + 7075, -4*t + i + 28290 = 0. Is t a composite number?
True
Let g be ((-12)/8)/(1/(-2)) - 7. Let l be g - (3 + (-494)/2). Suppose -3*s + 675 + l = 0. Is s composite?
True
Let x(a) be the third derivative of -5*a**6/12 + 5*a**4/12 + 7*a**3/2 + 144*a**2. Is x(-4) a prime number?
True
Let m(x) be the first derivative of 107*x**4/2 - 3*x**2/2 + 3*x + 59. Is m(2) prime?
True
Let p be (-2